89. Is s prime?
False
Suppose -8*j = -4095 - 4793. Is j composite?
True
Suppose 5*f - 5*u = -u, -3*f = -u. Suppose -9*h + 2854 + 125 = f. Is h a prime number?
True
Suppose -5*k = -5*v - 4502 + 12202, 0 = -4*v - 2*k + 6166. Let q = v - 790. Is q composite?
False
Suppose -6*k + 5*k + 1140 = 0. Let i = k + -387. Is i a composite number?
True
Let h be 6/4 - (-1)/(-2). Is (h - 3 - -4) + 125 composite?
False
Let c be ((44548/12)/(-7))/((-1)/3). Suppose -5*f + 2*y = -c, 0 = -6*f + 4*f + 5*y + 649. Is f composite?
False
Let t(p) = -p**3 - 11*p**2 - 2*p - 18. Let r be t(-11). Suppose -2*k - k + 787 = x, -3148 = -r*x - 3*k. Is x a composite number?
False
Suppose 4*b = -4*z + 16, 4*b = -b - 3*z + 20. Suppose -u + b*u - 12 = 0, -q - 16 = -5*u. Let s(n) = 3*n**2 - 2. Is s(q) composite?
True
Suppose -3*y = -2*s + 13, -2*s + 16 = -3*s - 3*y. Let c = -1 - s. Suppose -a + 3*g + 33 = 0, -3*a - 4*g = -c*g - 99. Is a a prime number?
False
Let l(m) = 3*m + m**3 - 9*m**2 + 7 + 3 - 6. Is l(10) a composite number?
True
Is (-60346)/(-33) + (0 - 1/(-3)) a composite number?
True
Let g = -15 - -23. Suppose 6*b - g*b = 0. Suppose 388 = 4*k - b*k. Is k a composite number?
False
Let g be 1 + 2 + (-2889 - -1). Let m = 4646 + g. Is m a composite number?
True
Let a(b) = 1436*b + 33. Let r be a(6). Let w = r - 5512. Is w a prime number?
True
Let c(m) = m**2 + 3*m + 41. Is c(17) a composite number?
True
Suppose -c + 3*i + 512 = 0, 2*i + 83 - 2694 = -5*c. Is c composite?
False
Let h = -28 - -52. Let j = 127 - h. Let p = -29 + j. Is p a composite number?
True
Let s(i) = -4*i - 20. Let t(u) = 1. Let h(a) = -s(a) + 3*t(a). Is h(20) a prime number?
True
Suppose -3*a = -2*l - 16, -13 = 3*l - 2*a + 6. Let r(o) = -3*o**3 + o**2 + 5*o - 4. Is r(l) a composite number?
True
Let u = 3610 + -1969. Suppose -o - 72 = 4*l - u, -5*o + 7807 = l. Is o a prime number?
False
Suppose 10 = 4*x + x. Is 1245 + x + -1 + -3 composite?
True
Let k be -2*2 + -3 + 310. Is -6 - (2 - k) - 2*1 a prime number?
True
Let g = -34 - -47. Let q = g + -4. Let y(x) = -x**2 + 12*x - 2. Is y(q) a prime number?
False
Suppose -4*m - 16 = -2*i, -4*i - 1 = m + 2*m. Let u(z) = -46*z**3 + 3*z**2 - 2*z + 3. Let v be u(i). Let g = -104 - v. Is g prime?
False
Let a = 1860 - -163. Let g = a - 1207. Suppose -2*t + 407 = 3*d, 4*t + d + 3*d = g. Is t prime?
False
Let q = -51621 + 91810. Is q prime?
True
Let t(x) = -105*x**2 + 3*x + 6. Let l be t(5). Let i = l - -4085. Is i a prime number?
True
Let q = -2244 - -3383. Is q a composite number?
True
Is 4971/3*(-14)/(-7) prime?
False
Let c(m) = -91*m**2 - 8*m + 4. Let h be c(-4). Is ((-1)/2)/(2/h) a prime number?
False
Suppose 0 = 3*h - 6. Let z be h/7 + (-80496)/84. Is (3 + -4)/(2/z) prime?
True
Let i(h) = 1 + 11*h**2 - 12*h**2 - h + 2*h. Let g(a) = 16*a**2 - a - 4. Let v(p) = g(p) + 3*i(p). Is v(-2) a prime number?
True
Let i = 0 + 19. Suppose 35*o + i = 36*o. Is o a composite number?
False
Let f(s) = s - 6 - 8 + 2. Let d be f(12). Let l(g) = -g**2 + 237. Is l(d) a composite number?
True
Suppose 0 = -4*g + 4*b + 4852, -5*g = -10*g + 3*b + 6065. Suppose -3*f = 4*h - 6740, 3*f - 472 = -h + g. Is h composite?
True
Let i(n) = -2*n + 25. Let h be i(15). Let l(a) = -278*a - 5. Is l(h) prime?
False
Let b(p) = -p**2 - 18*p - 9. Let i be b(-15). Let g be (-4)/(-20) - 22/10. Is 6672/i - g/(-6) a composite number?
True
Let h = 113 + -403. Let b = 1179 + h. Is b prime?
False
Let q(g) = g**3 + 4*g**2 + 5. Let s be q(-4). Suppose -2*d = -4*j, s*d + 0*d = 3*j. Suppose 0 = 3*c + 5*z - 184, -2*c + j*c = -z - 101. Is c composite?
False
Let j(c) = -c**3 + 3*c**2 + c + 16. Let t be j(4). Suppose 2547 = t*h - 5*k, 4*h - k - 2450 = 85. Is h a composite number?
True
Is (97 - 99)/(4/(-9274)) composite?
False
Let f(o) = -205*o + 2. Let l be -6 + 12/(-5 - -1). Is f(l) prime?
True
Suppose -8*c + 906 = -2*c. Suppose c = 3*g - 284. Is g a composite number?
True
Let f = -8 + 74. Is f*1 - (0 + -1) composite?
False
Let a = 4863 + -316. Is a prime?
True
Let j = 383 + -176. Let a = 4 - 102. Let p = a + j. Is p a prime number?
True
Let w = -256 + 561. Is w a prime number?
False
Suppose 3*u + 4*r - 27473 = 0, -2988 = -u - r + 6168. Is u composite?
False
Suppose -5*j - 3*b + 224 = -1446, -4*b + 991 = 3*j. Is j prime?
True
Is ((47588/(-8))/((-1)/(-2)))/(-1) a prime number?
True
Let w(x) = 549*x**3 - 4*x**2 - 14*x + 47. Is w(6) a prime number?
False
Let t(z) = -21202*z + 129. Is t(-2) prime?
True
Let s be 2/(-13) + 656/208. Suppose 6*m + i = s*m + 2726, -4*m + 3603 = -5*i. Is m prime?
True
Is -7 + 2 - (-6298 - 6) a prime number?
True
Let h = 232 + 1198. Suppose h = -4*s + 5978. Is s a prime number?
False
Let v(y) = -y**2 + 36*y + 93. Is v(24) a prime number?
False
Let b = -7645 + 27486. Is b composite?
False
Let l = 83 + -156. Let x = l - -558. Is x a prime number?
False
Let f be (2*1116 - -3) + -1. Suppose -4*k - f = -5*u, -2*k = 3*u + 2*u - 2228. Is u a composite number?
True
Is 10*(-3)/6 - -414 a prime number?
True
Let i(s) = -61*s**2 + 5*s - 4. Let j be i(-6). Let l = j - -3711. Is l composite?
False
Let m(y) be the second derivative of y**4/4 + 7*y**3/2 + 29*y**2/2 + 10*y. Is m(20) prime?
False
Suppose -3*q - 3*q + 24 = 0. Suppose 3*i = 2*i - q. Let g = i - -123. Is g prime?
False
Let g = 12 - 9. Suppose l - 656 = -10*d + 5*d, g*d - 398 = -5*l. Is d composite?
False
Let z(s) = 103*s + 16. Let i(d) = 34*d + 5. Let t(f) = 7*i(f) - 2*z(f). Is t(4) a composite number?
False
Let w(j) be the second derivative of -j**4/6 + j**3/6 + 753*j**2/2 - 2*j + 14. Is w(0) prime?
False
Suppose -65109 = 14*u - 25*u. Is u prime?
False
Let c = -1 + 1. Suppose c = 3*u - 6 - 3. Suppose w = x - 73, 2*x - 10 = u*w + 132. Is x a composite number?
True
Suppose 4*c - 3647 = 3*c. Is c composite?
True
Suppose -4*k + 251 + 117 = 0. Let h = k + -9. Let a = h + -46. Is a a prime number?
True
Let l be (-21)/(-7) + 0/1. Suppose 5 = -3*b - 3*d - 1, -2*d - 14 = -l*b. Is 448 + 6 - (b - -1) composite?
True
Let o = 9067 + -3632. Is o a composite number?
True
Let a(t) = -61*t + 1655. Is a(0) composite?
True
Let h(p) = -34*p - 8. Let y be h(-3). Is ((-1)/(-2))/(1/y) composite?
False
Suppose 0 = 2*n - 9*n + 14. Suppose -n*d = 2*b + 10, 0*d = d - 5. Is 89/(-2)*b*1 prime?
False
Let h(r) = 3*r**2 - 28*r - 20. Let d(g) = 2*g**2 - 19*g - 13. Let m(p) = -7*d(p) + 5*h(p). Is m(-6) a prime number?
False
Is (-330)/1430 - (-7036)/13 a composite number?
False
Suppose 11158 = 2*n - 2*d, 0 = 4*n + d - 12152 - 10164. Is n composite?
True
Suppose 4*k - 4 = 36. Let o(j) be the second derivative of j**5/20 - 2*j**4/3 - 13*j**3/6 - 13*j**2/2 + 4*j. Is o(k) prime?
False
Suppose 5*w - 1005 = 4*c, c + 172 = -5*w + 1152. Let f = 246 + w. Is f a composite number?
False
Suppose 981 = -5*t - 389. Let h = t - -525. Is h a composite number?
False
Let i = -2356 - -4517. Is i a composite number?
False
Suppose -990 = -22*j + 24*j. Let b = 382 - j. Is b composite?
False
Let i = -13 + 16. Suppose -i*c - 4*v + 3931 = -0*v, -2*c + 2619 = 3*v. Is c composite?
True
Suppose 13652 = l + 3*x + 5639, 4*l = -3*x + 32052. Is l a prime number?
False
Suppose -11*i = -16*i + 2615. Let x = i - 298. Suppose 2*u - u = g + x, 4*g = -8. Is u composite?
False
Suppose -954 - 158 = -2*o. Suppose 4*r - 2189 = -a + 6*a, r - 3*a = o. Is r a prime number?
True
Let l(r) = 145*r**3. Let m be l(1). Let q = m - 46. Let u = q + -30. Is u composite?
True
Let q(u) = 0 - 82*u**2 - 2 + 3 - 3*u. Let k be q(2). Let z = k - -592. Is z prime?
False
Let y = -55 - -242. Is y a composite number?
True
Suppose o - 4*k = 6*o + 4, -o - k = 1. Suppose o*t + 326 = 2*t. Suppose -3*h - 5*y = -6*y - t, -3*y = -h + 49. Is h prime?
False
Suppose v + 3*u - 9992 = 0, -55*u + 58*u = -5*v + 50020. Is v a prime number?
True
Suppose -3*a + 10*a = 14. Suppose -3*h = -a*h - 133. Is h composite?
True
Let n(t) = -8*t**3 - t**2 + 2*t - 6. Let p(m) = 8*m**3 + m**2 - 2*m + 7. Let w be (-44)/(-110) - (-12)/(-5). Let j(q) = w*p(q) - 3*n(q). Is j(3) prime?
True
Suppose -2*i = 2*i + a - 22, 4*a = i + 3. Suppose -10 = -3*x + i*m, -5*m = x + x + 35. Is 1*(2 + x) + 382 a prime number?
True
Let k(r) = 3 - 23*r**3 - 5*r**2 - 463*r + 8 + 467*r. Is k(-5) a composite number?
False
Is ((-1538)/(-8))/((-30)/(-120)) a prime number?
True
Let g(r) = 6*r**2 - 2*r + 1. Le